 the second derivative of 5*n**3/3 - 15*n**2 - 3695*n. Give v(4).
10
Let u(h) = -12*h + 162. Let s be (-78)/(-8)*(-43)/((-1548)/48). Calculate u(s).
6
Let w(x) be the second derivative of x**6/120 + x**4/6 + x. Let c(t) be the third derivative of w(t). Let k be ((-40)/(-25)*(-15)/(-6))/(-2). Calculate c(k).
-12
Let l = 63 - 77. Let u be ((-10)/(-35))/((-4)/l). Let f(h) be the second derivative of -3*h**3/2 + h**2/2 - 4*h. Determine f(u).
-8
Let q(l) = l**2 + 5*l - 9. Suppose 3*g + 52 = i, 7*i - 5*g = 8*i - 68. Suppose -57*v + 7 = -i*v. Determine q(v).
5
Let o be -21 - -24 - (4195/600 - 4). Let w(n) be the third derivative of 3*n**2 + 1/10*n**5 + 0*n + 1/8*n**4 + 0 - o*n**6 - 4/3*n**3. What is w(6)?
10
Suppose 9*n - 291 = -93. Suppose 0 = -4*t - n + 6. Let o(v) = v**2 - 5. Calculate o(t).
11
Suppose 4*a = -2*t - 62, 4*a + 57 = -4*t - 59. Let q(n) = -n**2 - 29*n - 52. Give q(t).
2
Suppose 5*n + 5*w = 0, 3*n - 2*w + 12 = 8*n. Let f(d) = -130 + n*d**2 + 3*d**3 - 4*d**3 + 135 - 4*d. Determine f(4).
-11
Let j(d) = -d - 5. Suppose -37*l + 34*l + 18 = 4*p, 4*l = -3*p + 17. Suppose p*w - i + 22 = i, 2*w - 4*i + 12 = 0. Determine j(w).
3
Let g(s) be the second derivative of -71*s**3/6 + 254*s**2 - 7359*s. Calculate g(7).
11
Let c(s) = 79 - s**2 + 1490*s - 2990*s + 1485*s. Give c(-19).
3
Let c(b) = b - 13*b**2 + 89*b**2 - 75*b**2 + 8. What is c(-8)?
64
Let l(s) be the third derivative of 7*s**4/4 - 20*s**3/3 - 15*s**2 - 42*s - 1. What is l(1)?
2
Let t = 148 - 149. Let w be (t/(-6))/((-20)/(-240)). Let f(h) = -2*h**3 + 2*h**2 - 2. What is f(w)?
-10
Let h(f) = -f**3 - 15*f**2 - 3*f + 20. Let y(t) = t**3 + 13*t**2 + 4*t - 18. Let m(q) = 2*h(q) + 3*y(q). Determine m(-8).
2
Suppose 0 = -o - 53 - 5. Let h = o + 45. Let i(r) = -7*r**2 - 8*r - 15. Let d(x) = 15*x**2 + 16*x + 31. Let f(u) = h*i(u) - 6*d(u). Calculate f(-7).
2
Suppose -3 = -z - 2*y + 8, 0 = -2*z - 2*y + 14. Let p(k) = 258*k**z - 259*k**3 - k**2 + 0 + 2 - 5. Determine p(0).
-3
Let u = -1388 + 1387. Let p(f) be the third derivative of 0*f + 1/12*f**4 + 0 + 1/6*f**3 + 1/30*f**5 - 1/15*f**6 + 6*f**2. Calculate p(u).
9
Let l(g) be the third derivative of -g**6/120 - g**5/15 - g**4/8 - g**3/6 + 2992*g**2. Let s = 4 + -6. Determine l(s).
-3
Let t(w) = -w**2 + 3*w + 2. Suppose -4*p + 5*l = -48, 5*p = -2*l + l + 60. Suppose -26*c - 92 = p. Give t(c).
-26
Let w be (-12)/(-66) + 670/(-55). Let m(x) be the second derivative of x**3/3 + 17*x**2/2 - 40*x. Determine m(w).
-7
Let x(j) = -4*j**3 + 14*j**2 - 2*j + 9. Let p(b) = -3*b**3 + 9*b**2 - b + 8. Let a(y) = -7*p(y) + 5*x(y). Calculate a(-7).
10
Let i(t) = t**3 - t**2 - 2. Suppose -3*a + 3 + 7 = 5*u, -4*u + 8 = 0. Let v be i(a). Let z = v + 6. Let n(k) = -k**2 + 5. Calculate n(z).
-11
Let s(b) = -b**2 - 123*b + 489. Let c be s(-127). Let w(y) = y**3 + 14*y**2 - 96*y - 14. Calculate w(c).
5
Let o(n) = -2*n + 15. Let x(h) = 6*h - 46. Let c(u) = 7*o(u) + 2*x(u). Suppose 4*f + 3*g = 10, -33*g - 8 = -4*f - 37*g. Give c(f).
5
Let k(i) be the second derivative of 9*i**5/10 - i**4/12 - i**3/6 + 1740*i. Determine k(-1).
-18
Suppose -216*h - 30 = -211*h. Let z = h - -3. Let s(w) = -91 - 94 + w**2 + 7*w + 185. Give s(z).
-12
Let l(u) = -u**3 + 6*u**2 + 7*u - 11. Let b(t) = t**3 - 8*t**2 + 3*t - 21. Let z be b(8). Suppose 2*q + m + 0*m = 18, -3*m - 9 = -z*q. What is l(q)?
-11
Let l(o) be the third derivative of -o**6/120 - 4*o**5/15 - 5*o**4/8 - 2*o**3/3 - 5*o**2 + 3. Let h be l(-15). Let b(g) = -g**2 - 7*g - 5. What is b(h)?
7
Let f(p) = p - 1. Let d(a) = 4*a - 5. Let u(n) = 2*d(n) - 6*f(n). Let r be u(0). Let b(o) be the first derivative of -o**3/3 - 5*o**2/2 + 2*o + 1. What is b(r)?
6
Let c(g) = -359 - 74 - 38 - 13 + 90704*g - 90734*g. Determine c(-16).
-4
Let w(s) = 0*s + 1 + s - 2*s - 8. Suppose 6*u = 18 + 60. Suppose a + 2*c = 24 - 30, 0 = -4*a + 3*c - u. Give w(a).
-3
Suppose 3*l - 3 = 96*y - 98*y, -3*y - 3*l = 0. Let a be y/((-36)/105) - 15/20. Let w(f) = -f**3 + 7*f**2 + 5*f + 9. Calculate w(a).
-15
Let j(c) be the second derivative of c**3/6 + c**2/2 + 40*c. Let k be (-2)/(-6)*-1 + (-10)/(-3). Let u be -14*(k/(-2) - -2). Determine j(u).
-6
Let v(u) be the third derivative of -144*u**2 + 0*u + 1/6*u**3 - 1/2*u**4 + 0. What is v(2)?
-23
Let n = -7588 + 7588. Let k(o) be the second derivative of n + 0*o**2 - 1/6*o**3 - 19*o. What is k(0)?
0
Let c(j) be the second derivative of -j**3/6 + 5*j**2 - 5*j - 11. Let n(w) = w - 13. Let v(i) = -7*c(i) - 6*n(i). Calculate v(-3).
5
Let z(j) be the second derivative of 3/2*j**2 + 8 - 1/20*j**5 + 2*j - 1/3*j**3 + 1/6*j**4. Determine z(3).
-12
Suppose -3*q - 26 = 5*z, -41*z - 4*q = -46*z - 12. Let f(w) = -10*w + 13. Let x(i) = -18*i + 24. Let u(h) = z*x(h) + 7*f(h). Determine u(-8).
-21
Let p(o) be the second derivative of 1/2*o**2 + 0 + 5/6*o**3 - 54*o. Calculate p(1).
6
Suppose 40 = -4*i + 2*r - 0*r, 0 = 2*r - 4. Let a be 4*(1 - i/(-4)). Let l(v) = -6*v + 4. Let p(k) = -7*k + 4. Let j(h) = 5*l(h) - 4*p(h). Determine j(a).
14
Suppose 2*t = -u - t - 11, -3*u + t + 7 = 0. Let i(g) = 1 - 656*g**3 + g**2 + 630*g**3 - 2 + 0*g**2. Give i(u).
-26
Let r(y) = y**3 + 3*y**2 - 10*y - 25. Let a = -1226 - -1223. What is r(a)?
5
Let p(w) be the first derivative of -7*w**2/2 - 4*w + 338. Calculate p(5).
-39
Let w(d) = 103*d - 31. Let j(v) = -292*v + 89. Let f(u) = -6*j(u) - 17*w(u). Let s = 12 - 20. Give f(s).
-15
Let k(v) be the third derivative of -v**6/120 + v**5/15 + 2*v**3/3 + 4*v**2. Let d be k(4). Let p(g) = 3*g**2 - 9*g**2 - 2 + d - g**3 - 4 + 5*g. What is p(-7)?
12
Let b(u) = -u + 14. Let y be b(-15). Let z(v) = v**3 - 38*v**2 + 0*v + y*v**2 + 10 + 7*v. Let p be z(8). Let q(a) = -a**3 - 2*a**2 - a - 1. Determine q(p).
-19
Let h(n) = 2*n**2 - 5*n - 29. Let r be h(11). Suppose -155*b = -r*b - 12. Let z(j) = 2*j**2 + 5*j + 1. Determine z(b).
13
Let r(x) = -15*x - 1910*x**2 - 123 + 1911*x**2 + 35*x. What is r(-25)?
2
Let h be 117/52 - (-3)/(-12). Suppose 12 + 10 = 2*q - 4*l, -5*q = 2*l - 31. Let m(o) = -3*o - 1 + 10 - q + h*o**2. Calculate m(3).
11
Suppose -2*a - 3 = -3*a. Let m(j) = 625*j**3 - 8*j - 4*j**2 + a*j + 6 - 2 - 624*j**3. What is m(4)?
-16
Let m(o) = 2 - 3 + 112*o + 0 - 110*o. Suppose 0 - 7 = -2*w + y, 0 = 2*w - 5*y + 13. Calculate m(w).
11
Let x be 2/(-6) - (-11)/(-3). Suppose 0 = 3*s + 5*t + 28, -17 = 4*s - 7*s + 4*t. Let c be (-12)/x - (s + 10). Let o(b) = -b - 2. Calculate o(c).
4
Let l be (575/75)/(-23)*(-30)/2. Let d(k) = 4*k**2 - 20*k - 5. What is d(l)?
-5
Let g(p) = 2*p**2 - 38*p + 89. Let v be g(16). Let o be ((-208)/(-364))/((-2)/v). Let c(f) = -9*f - 1. Give c(o).
-19
Let x(t) = -t + 11. Let f = -442 + 453. Let d(v) = 3*v - 30. Let h(s) = f*x(s) + 4*d(s). Give h(-8).
-7
Let s(f) = f**2 + 1. Suppose -h - 3*i = 2, -3*i - 2*i - 51 = -2*h. Suppose 2*m + h - 15 = 0. Let r be (m - 1)/(-2) + -2. Give s(r).
5
Let v be 2/(-6) - (-2)/6. Let a(y) be the second derivative of 5 + 0*y**3 + 3*y**2 - 1/20*y**5 - 7*y + 0*y**4. Give a(v).
6
Let u(l) = 3*l**2 + 13*l - 7. Let j be 7/4 - 2 - (-621)/(-108). What is u(j)?
23
Suppose 17*c - 50 = 12*c. Let i(y) = -4 - 2*y + 2 + c + y + 2. Give i(8).
2
Let j(f) = -f**2 + 2*f + 15. Let o = -2307 + 2303. Give j(o).
-9
Suppose y = 2*q + 2*y + 6, 0 = -q + 3*y - 10. Let k(p) = -37744 + 113228 - 5*p - p**2 - 37745 - 37745. Calculate k(q).
-2
Let a(r) = 4*r**3 + 8*r**2 - 4*r + 1. Let s(q) = q**3 - 3*q - 1. Let t(h) = -a(h) + 3*s(h). Give t(-5).
-54
Let f(c) = -3*c + 11. Let a(s) = -s**3 + 50*s**2 - 91*s - 233. Let o be a(48). Give f(o).
-10
Let k(d) be the second derivative of 2*d + 1/6*d**3 + 11 - 2*d**2. What is k(-7)?
-11
Let q(v) = v**3 - 2*v**2 - v - 1. Let f(k) = -k**3 + k**2. Let u(m) = 2*f(m) + q(m). Let n be (-8)/(-14)*(-1379)/1970*(-1)/(6/(-30)). Calculate u(n).
9
Suppose -3*t - 51 = 5*l, -5*t + 630*l - 85 = 632*l. Let u(z) = -z**3 - 18*z**2 - 18*z - 17. What is u(t)?
0
Let v(p) = -p**3 - 2*p**2 + 2*p. Suppose -12*r + 7*r = -75. Let x(g) = -6*g + 87. Let s be x(r). What is v(s)?
3
Let v(y) = y**3 + 2*y**2 - 2*y - 3. Let l be v(-3). Let q(g) be the first derivative of 171 + 7*g + 1/2*g**2. Determine q(l).
1
Let b(g) be the second derivative of -1/6*g**3 + 78*g - g**2 + 0. Suppose -n + 2*n = -4*s - 16, 5*s - 6 = 2*n. Calculate b(n).
6
Let o(z) = z**3 - 6*z**2 - 7*z - 7. Let q be o(-3)